or of 39 and 312?
39
What is the highest common divisor of 529 and 23?
23
Calculate the greatest common divisor of 84 and 56.
28
Calculate the greatest common divisor of 2016 and 588.
84
Calculate the highest common factor of 84 and 63.
21
Calculate the greatest common factor of 106 and 6201.
53
What is the greatest common factor of 363 and 66?
33
Calculate the greatest common factor of 16 and 29384.
8
What is the highest common divisor of 28 and 6?
2
Calculate the highest common divisor of 7 and 504.
7
What is the highest common divisor of 6772 and 4?
4
What is the highest common divisor of 77 and 847?
77
What is the highest common factor of 56 and 9464?
56
What is the highest common factor of 962 and 208?
26
What is the highest common factor of 54 and 38?
2
What is the greatest common divisor of 375 and 15?
15
Calculate the greatest common divisor of 125 and 25.
25
Calculate the greatest common factor of 32 and 48288.
32
What is the highest common factor of 594 and 660?
66
Calculate the highest common divisor of 35 and 140.
35
Calculate the greatest common divisor of 1854 and 54.
18
What is the greatest common factor of 528 and 87?
3
Calculate the greatest common factor of 2419 and 1121.
59
Calculate the greatest common factor of 2004 and 18.
6
What is the greatest common factor of 25 and 145?
5
What is the greatest common divisor of 1541 and 92?
23
Calculate the greatest common factor of 220 and 20.
20
Calculate the highest common divisor of 448 and 14.
14
Calculate the highest common factor of 12635 and 70.
35
What is the greatest common divisor of 11 and 11?
11
What is the greatest common factor of 98 and 14?
14
What is the greatest common divisor of 162 and 1053?
81
What is the greatest common divisor of 13 and 11?
1
What is the greatest common divisor of 88 and 968?
88
What is the highest common divisor of 72 and 53496?
72
Calculate the highest common divisor of 238 and 70.
14
What is the greatest common divisor of 279 and 3472?
31
What is the greatest common factor of 115 and 2645?
115
What is the greatest common divisor of 115 and 483?
23
What is the greatest common divisor of 460 and 276?
92
Calculate the highest common divisor of 51 and 2091.
51
What is the greatest common factor of 1029 and 294?
147
What is the highest common factor of 26 and 16?
2
What is the highest common factor of 12 and 132?
12
What is the greatest common factor of 208 and 32?
16
Calculate the greatest common factor of 87 and 327.
3
What is the highest common divisor of 298 and 1?
1
What is the greatest common divisor of 228 and 16?
4
Calculate the greatest common divisor of 5546 and 177.
59
What is the highest common factor of 26 and 520?
26
Calculate the highest common factor of 3 and 9237.
3
What is the greatest common factor of 18011 and 217?
217
What is the greatest common divisor of 27 and 3447?
9
Calculate the greatest common divisor of 51 and 102.
51
Calculate the highest common divisor of 119 and 8993.
17
What is the greatest common divisor of 154 and 385?
77
Calculate the greatest common divisor of 680 and 35.
5
Calculate the highest common factor of 13 and 1573.
13
Calculate the highest common factor of 8736 and 504.
168
Calculate the highest common divisor of 133 and 35.
7
Calculate the greatest common factor of 5264 and 1645.
329
What is the highest common divisor of 8 and 2792?
8
What is the highest common divisor of 145 and 203?
29
Calculate the greatest common factor of 334 and 17869.
167
What is the highest common divisor of 204 and 3111?
51
Calculate the greatest common factor of 51 and 9.
3
Calculate the highest common factor of 33 and 231.
33
What is the greatest common divisor of 107 and 11663?
107
Calculate the highest common factor of 28 and 287.
7
What is the highest common divisor of 8 and 20?
4
Calculate the greatest common factor of 48 and 36.
12
Calculate the highest common divisor of 780 and 7215.
195
What is the greatest common factor of 19 and 1691?
19
What is the greatest common divisor of 420 and 168?
84
What is the highest common factor of 9 and 60?
3
What is the highest common divisor of 14477 and 31?
31
What is the greatest common divisor of 2534 and 35?
7
What is the greatest common divisor of 168 and 40?
8
What is the highest common factor of 39 and 117?
39
Calculate the highest common divisor of 360 and 40.
40
What is the greatest common factor of 295 and 11741?
59
Calculate the highest common divisor of 34 and 782.
34
Calculate the highest common divisor of 36 and 512.
4
Calculate the highest common factor of 3 and 450.
3
What is the highest common factor of 92 and 7636?
92
What is the highest common factor of 518 and 728?
14
What is the greatest common divisor of 40 and 696?
8
Calculate the greatest common factor of 370 and 185.
185
What is the highest common factor of 247 and 437?
19
Calculate the greatest common factor of 26 and 650.
26
Calculate the greatest common divisor of 195 and 3185.
65
Calculate the highest common factor of 1661 and 22.
11
Calculate the greatest common divisor of 2048 and 112.
16
Calculate the greatest common factor of 339 and 2147.
113
Calculate the highest common divisor of 8906 and 584.
146
Calculate the greatest common factor of 25 and 275.
25
What is the highest common factor of 19 and 76?
19
Calculate the highest common factor of 39 and 143.
13
What is the highest common divisor of 245 and 35?
35
What is the greatest common divisor of 4617 and 1824?
57
What is the highest common divisor of 2471 and 28?
7
Calculate the greatest common divisor of 2964 and 117.
39
Calculate the highest common divisor of 6246 and 18.
18
Calculate the highest common factor of 9 and 288.
9
Calculate the greatest common divisor of 943 and 506.
23
What is the highest common factor of 200 and 120?
40
What is the highest common factor of 23 and 529?
23
What is the highest common factor of 55 and 22?
11
What is the greatest common factor of 184 and 43792?
184
Calculate the highest common factor of 459 and 136.
17
Calculate the greatest common divisor of 126 and 14.
14
What is the greatest common factor of 128 and 3504?
16
What is the greatest common divisor of 4953 and 39?
39
What is the greatest common factor of 775 and 31?
31
What is the greatest common divisor of 610 and 30?
10
Calculate the highest common divisor of 14 and 38.
2
What is the greatest common factor of 14 and 1526?
14
Calculate the highest common divisor of 3542 and 88.
22
Calculate the greatest common divisor of 15204 and 168.
84
Calculate the highest common factor of 3100 and 1364.
124
Calculate the highest common factor of 134 and 13534.
134
Calculate the greatest common factor of 61 and 5.
1
Calculate the greatest common factor of 25 and 625.
25
What is the greatest common divisor of 32 and 24?
8
Calculate the highest common divisor of 305 and 15.
5
Calculate the greatest common divisor of 2148 and 3043.
179
What is the highest common divisor of 347 and 1?
1
What is the greatest common divisor of 26 and 182?
26
What is the highest common divisor of 11 and 11?
11
Calculate the greatest common divisor of 80 and 1864.
8
What is the greatest common divisor of 9 and 10656?
9
What is the greatest common divisor of 415 and 5?
5
Calculate the greatest common factor of 1647 and 1728.
27
Calculate the greatest common divisor of 6096 and 48.
48
What is the highest common divisor of 902 and 1312?
82
What is the greatest common factor of 4 and 9?
1
What is the greatest common divisor of 54 and 90342?
54
Calculate the highest common factor of 3657 and 276.
69
Calculate the highest common divisor of 361 and 38.
19
What is the highest common factor of 18 and 179?
1
What is the highest common divisor of 2 and 2566?
2
What is the highest common divisor of 94 and 250?
2
Calculate the greatest common divisor of 1070 and 30.
10
What is the greatest common factor of 36 and 1062?
18
Calculate the highest common factor of 92 and 8.
4
Calculate the highest common factor of 1359 and 27.
9
What is the highest common divisor of 35 and 25?
5
Calculate the greatest common divisor of 12 and 9714.
6
What is the greatest common factor of 330 and 1518?
66
Calculate the greatest common divisor of 52 and 88.
4
Calculate the greatest common divisor of 92 and 46.
46
What is t